c, 3*k = w - 57. Suppose 2*r - 14 - 14 = -3*p, w = 5*r + 5*p. What are the prime factors of r?
2
Suppose -4*d + 64 = -2*d. Let c = -19 + d. What are the prime factors of c?
13
Let g be (-79)/(-9) - 16/(-72). Suppose d = 11 + g. What are the prime factors of d?
2, 5
Suppose 0 + 2 = 2*g. List the prime factors of -55*g/(-5)*2.
2, 11
Suppose 4*s - 100 = 60. What are the prime factors of s?
2, 5
Let c = 2 + 1. What are the prime factors of c*6*1/2?
3
Let b(k) = -k - 6. Let g be b(-5). List the prime factors of 21 + g/2*6.
2, 3
Suppose 0 = 4*s - 4*t - 44, -7 = 5*s - 4*t - 63. Let k = -17 + s. Let q(v) = v**3 + 4*v**2 - 6*v - 2. What are the prime factors of q(k)?
3
Suppose t - 16 = 5*k + 32, 2*t - k - 114 = 0. Let a = t - 31. List the prime factors of a.
3
Let a = -8 + 11. Let u be (-1)/3 + (-56)/(-6). Suppose l - a = 3*x, -4*x + u*x = -l + 27. List the prime factors of l.
2, 3
Suppose 0 = -20*u + 28*u - 3128. List the prime factors of u.
17, 23
Let y be (2 - (4 + -1))*-42. Suppose y = m + 2*m. What are the prime factors of m?
2, 7
Let y be (2/6)/((-2)/(-12)). Let v be (y/6)/((-4)/(-228)). Suppose v - 1 = 3*i. List the prime factors of i.
2, 3
Suppose 5*i = -2*s + 7, 0 = 5*s - 0*s - 2*i - 32. Let l = s - 4. Suppose l*u = 6*u - 24. List the prime factors of u.
2, 3
Let s = 12 + 1. Let r = 21 - s. What are the prime factors of r?
2
Suppose 15 + 1 = -4*p. Let f = 21 - p. List the prime factors of f.
5
Let y(f) = -f**3 - 5*f**2 - 6*f - 1. Let j(z) = -2*z**2 - 2*z. Let q be j(-2). List the prime factors of y(q).
7
Let y = -53 - -113. What are the prime factors of y?
2, 3, 5
Suppose 2*c = 2*d + 222 - 8, c = -4*d + 102. What are the prime factors of c?
2, 53
Let t(i) = -i**3 - 3*i**2 - 6*i - 10. What are the prime factors of t(-4)?
2, 3, 5
Let g(v) = -2*v + 4. Suppose -2*l - l = 24. Let o be g(l). Suppose 5*y = y + o. What are the prime factors of y?
5
Suppose 4*i - 159 + 25 = -3*u, -3*u + 3*i = -99. Let k = 54 - u. List the prime factors of k.
2
Suppose 26 - 6 = 4*c. Suppose -17 = -a + c*j, 4*a - 17 = 2*j - 3. Suppose 3 + a = 3*v - 5*y, 3*y = 3*v - 15. List the prime factors of v.
2, 5
Suppose 3*b - 12 = -2*j - 0*j, 4*j + b = 14. Let l = j + 0. Suppose -w = 5*v + w - 27, -v = -l*w - 19. What are the prime factors of v?
7
Let q = -7 + 23. What are the prime factors of q?
2
Let v(s) = 4*s - 1. Let g be 4/6 - 84/(-36). What are the prime factors of v(g)?
11
Suppose g - 240 = -10*p + 5*p, -5*g = -5*p + 210. Let z = p - 11. Suppose 0 = -c + 5*c - z. List the prime factors of c.
3
Let a = -20 - -14. Let q be (12/(-2))/(9/a). Suppose 2*s = -10, 5*t + 4*s = -1 - q. List the prime factors of t.
3
Suppose -2*c - 3*o + 62 = 0, 10 = 5*c - 5*o - 145. What are the prime factors of c?
31
Let m be (-801)/(-3) + -2 + 2. Suppose -5*s - l + m = -74, 3*l + 133 = 2*s. Suppose s = 5*w + b, 0*b + 3*b = 5*w - 76. List the prime factors of w.
2, 7
Let w(r) = -7*r**3 + 2*r**2 - 4. List the prime factors of w(-2).
2, 3, 5
Suppose 4*j = -g + 5*g - 412, g - 4*j = 109. What are the prime factors of g?
101
Let s(h) = h + 2. Let p be s(0). What are the prime factors of p - 2 - (-11 + 1)?
2, 5
Let y(k) = -k**3 + 8*k**2 + 9*k. Let b be 7 - ((4 - 2) + -4). Let h be y(b). Suppose h*o = 3*r + 3*o - 42, 2*r + o = 25. What are the prime factors of r?
11
Suppose -5*r = 4*c - 90, -5*c - 34 - 2 = -2*r. List the prime factors of r.
2, 3
Let g be 2/8 + (-115)/(-20). Let h(i) = i**2 - 5*i - 2. Let k be h(g). Suppose -3*v = -3*p, -10 = 3*v - k*v - p. What are the prime factors of v?
5
Let x(v) = 9 + 0*v + 2*v - 10*v**2 + 2*v**2. Let g(m) = 23*m**2 - 6*m - 26. Let y(k) = 6*g(k) + 17*x(k). What are the prime factors of y(3)?
3
Let o(i) be the first derivative of 3*i**2/2 + 1. Let j be o(-5). Let v = -9 - j. What are the prime factors of v?
2, 3
Let x = -2 - -6. Suppose -4*o - 2 = -2*h, -x*o + h = 4*h - 3. Suppose 4*g + 7 - 43 = o. List the prime factors of g.
3
Let u(a) = 2*a**2 - 4*a - 7. List the prime factors of u(7).
3, 7
Suppose q + 1 = 87. Let o = q + -32. List the prime factors of o.
2, 3
Let t = -724 - -1024. List the prime factors of t.
2, 3, 5
Suppose 2*o + o + 39 = 0. Let h be 11/(-1) - 1 - -3. Let x = h - o. List the prime factors of x.
2
List the prime factors of (606/9)/(3 - (-16)/(-6)).
2, 101
Let v = -43 + 64. What are the prime factors of v?
3, 7
Let c = 3 + 5. What are the prime factors of c?
2
Suppose -c - 11 = -5*j, 0 = -4*c + 4*j + 15 + 5. List the prime factors of c.
3
Suppose 0 = 5*g - a - 1663, g + 3*g - a = 1330. List the prime factors of g.
3, 37
Let x = -2 + 3. Suppose 3*d - x = g - 0, -5*d + 2*g = 0. Suppose 3*u + 0*b - d*b = -4, -3*u = -4*b + 14. What are the prime factors of u?
2
List the prime factors of 111/9 + -4 - 2/6.
2
Let x(y) = -4*y + 53. List the prime factors of x(-16).
3, 13
Let y be (-4)/(-18) + (-125)/(-45). Let h(m) = 12*m. Let r be h(2). Suppose y*d - r = -l - 0*l, -l = -d + 4. List the prime factors of d.
7
Suppose 2*u - 13 = -l + 15, -4*l + 8 = 0. List the prime factors of u.
13
Suppose 4*l = 2*l + 5*c + 19, 22 = 5*l - 4*c. Let z be 2 - (l/(-1) - 4). Let o = z - 3. List the prime factors of o.
5
Let y = 8 - 4. Suppose y*f - 8 = 0, -3*g + g = -f - 18. Let q = g + -2. List the prime factors of q.
2
Let v = -3 - -41. List the prime factors of v.
2, 19
Let p be 2 - (2 + (-4)/2). Let m(j) = 4*j. What are the prime factors of m(p)?
2
Suppose -2*u + 4*d - 36 = -6*u, 5*u = d + 21. Suppose -2*y = u + 13. List the prime factors of (-74)/y + (-4)/18.
2
Suppose -29 = 3*d + 2*p, 5*p - 13 = 4*d + 64. Let t = -4 - d. What are the prime factors of t?
3
Suppose -8*m + 175 = -m. List the prime factors of m.
5
Suppose h + 4 = 1. Let c = h - -9. What are the prime factors of c?
2, 3
Let t = 12 + 75. Suppose 0 = 4*i - t - 21. List the prime factors of i.
3
Let w(t) = -t**2 - 12*t - 8. Let i be w(-9). Let m = 51 - i. What are the prime factors of m?
2
Let u = 2 + 26. List the prime factors of u.
2, 7
Let l = -1 - -3. Suppose -z + 2*f = -l, -2*z - 8 = -4*z + 3*f. List the prime factors of z.
2, 5
Let l = -151 + 262. What are the prime factors of l?
3, 37
Let n be -6*1*(-9)/6. Suppose -n + 21 = 3*j. Suppose p = -4*v + 22, -v + 0*p = -j*p + 3. List the prime factors of v.
5
Let c = 11 + 96. What are the prime factors of c?
107
Suppose g + 3*x = 4, -2*x + 1 = 3. Suppose -g = -3*n + 8. Suppose -59 - 16 = -n*l. What are the prime factors of l?
3, 5
Suppose n = -3*n + 12. Suppose 5*f - 2*a + n*a - 70 = 0, 0 = 3*a - 15. What are the prime factors of f?
13
Suppose 0 = 3*i - 5*i - 6. Let u be 2/i - (-51)/9. Suppose -2*j + h = -h - 10, -5*j + 5 = u*h. List the prime factors of j.
3
Suppose -4*v - 4*c = -10 + 2, -2*v = -4*c - 10. Suppose 2*m = -a - 3*a + 62, -41 = -2*m + v*a. Suppose 23 + m = 3*t. List the prime factors of t.
2
Let z(t) = t**3 + 6*t**2 - 9*t - 9. Let j be z(-7). Suppose j*d + v + 26 = 131, 0 = 2*d - 5*v - 15. List the prime factors of d.
2, 5
Let t = -92 + 155. Suppose 2*c + d - 2*d = 117, 2*d = c - t. What are the prime factors of c?
3, 19
Suppose 3*k + 4 = -x, -5*k - x = 6 - 0. What are the prime factors of -1 + (k + 3 - -1)?
2
Suppose -m - 5*g = -46, -2*g + 53 = 3*m - 4*g. Suppose 0*q + m = -3*q. Let z = q - -11. List the prime factors of z.
2
Suppose 3*j - j - 8 = 0. Suppose 3*a = -2*r + 14, -j*a - 5*r = -0*a - 28. List the prime factors of a.
2
Let c(a) = -a**2 - 7*a + 3. Let w be c(-7). Let b = w - -29. What are the prime factors of b?
2
Let l = -5 + 20. What are the prime factors of l?
3, 5
Let h(n) = -n**3 + 5*n**2 + 2*n + 5. Let m be (-3 + -1)*11/(-22). Suppose m*a = 5*a - 15. What are the prime factors of h(a)?
3, 5
Suppose -2*p + 84 = 4*r, -r + 2*p + 39 = -2*p. List the prime factors of r.
23
Suppose 3*g - 15 = 0, -4*i - 4*g = g - 13. Let c be i/(-1 - (-7)/4). Let x(z) = -z**2 - 4*z + 4. List the prime factors of x(c).
2
Let j be (-48)/(-21) + (-6)/21. List the prime factors of (4 - 3)/(j/20).
2, 5
Let j = -7 + -3. Let t = j + 24. Suppose -4*c - 5*r = -3*c + t, c + 2 = -2*r. What are the prime factors of c?
2, 3
Let t = 26 - -163. List the prime factors of t.
3, 7
Let r(t) = -t**3 + 7*t**2 - t + 5. Let u be r(7). Let j = 0 - u. What are the prime factors of j?
2
Let n(x) = -25*x + 1. Let y be n(-1). Let l = 39 - y. List the prime factors of l.
13
Suppose -